{"id":2410,"date":"2020-08-08T09:09:51","date_gmt":"2020-08-08T09:09:51","guid":{"rendered":"http:\/\/www.parrocchiadicapalle.it\/?page_id=2410"},"modified":"2020-09-01T15:39:36","modified_gmt":"2020-09-01T15:39:36","slug":"la-chiesa","status":"publish","type":"page","link":"https:\/\/www.parrocchiadicapalle.it\/index.php\/la-chiesa\/","title":{"rendered":"La Chiesa"},"content":{"rendered":"<p>[vc_row row_content_width=&#8221;grid&#8221; css=&#8221;.vc_custom_1596878577469{padding-top: 132px !important;padding-bottom: 66px !important;}&#8221;][vc_column]<div class=\"eltdf-elements-holder   eltdf-two-columns  eltdf-responsive-mode-1024 \" ><div class=\"eltdf-eh-item    \"  data-item-class=\"eltdf-eh-custom-9395\" data-1400-1600=\"0px 120px 8px 0px\" data-1025-1399=\"0px 75px 8px 0px\" data-769-1024=\"0px 170px 70px 0px\" data-681-768=\"0px 0px 70px\" data-680=\"0px 0px 70px\">\n\t<div class=\"eltdf-eh-item-inner\">\n\t\t<div class=\"eltdf-eh-item-content eltdf-eh-custom-9395\" style=\"padding: 0px 170px 8px 0px\">\n\t\t\t<div class=\"eltdf-section-title-holder  \" >\n\t<div class=\"eltdf-st-inner\">\n\t\t\t\t\t\t\t<h3 class=\"eltdf-st-title\" >\n\t\t\t\tLa Chiesa\t\t\t<\/h3>\n\t\t\t\t\t\t\t\t\t<p class=\"eltdf-st-text\" >\n\t\t\t\tAll'interno della chiesa sono presenti numerose testimonianze artistiche come un Crocifisso della fine del '400 e inizio del '500 con i Dolenti opera di Michele Arcangelo Palloni. Nel primo altare a sinistra troviamo ``Sant'Andrea Corsini che distribuisce il pane ai poveri`` di Francesco Curradi, nel secondo altare ``La Madonna del Rosario con Santi`` di Giovanni Nigetti e a seguire l'``Annunciazione`` di Bernardino Monaldi. La chiesa conserva anche numerose reliquie di santi: Enea, Onorio e Valerio.\t\t\t<\/p>\n\t\t\t\t\t<\/div>\n<\/div>\t\t<\/div>\n\t<\/div>\n<\/div><div class=\"eltdf-eh-item    \"  data-item-class=\"eltdf-eh-custom-1412\" data-769-1024=\"0px 0px 8px\" data-681-768=\"0px 0px 8px\" data-680=\"0px 0px 8px\">\n\t<div class=\"eltdf-eh-item-inner\">\n\t\t<div class=\"eltdf-eh-item-content eltdf-eh-custom-1412\" style=\"padding: 8px 0px\">\n\t\t\t[vc_single_image image=&#8221;2374&#8243; img_size=&#8221;full&#8221;]\t\t<\/div>\n\t<\/div>\n<\/div><\/div>[\/vc_column][\/vc_row][vc_row row_content_width=&#8221;grid&#8221; css=&#8221;.vc_custom_1596878584097{padding-top: 66px !important;padding-bottom: 132px !important;}&#8221;][vc_column]<div class=\"eltdf-elements-holder   eltdf-two-columns  eltdf-responsive-mode-1024 \" ><div class=\"eltdf-eh-item    \"  data-item-class=\"eltdf-eh-custom-6677\" data-769-1024=\"0px 0px 8px\" data-681-768=\"0px 0px 8px\" data-680=\"0px 0px 8px\">\n\t<div class=\"eltdf-eh-item-inner\">\n\t\t<div class=\"eltdf-eh-item-content eltdf-eh-custom-6677\" style=\"padding: 8px 0px\">\n\t\t\t[vc_single_image image=&#8221;2390&#8243; img_size=&#8221;full&#8221; alignment=&#8221;center&#8221;]\t\t<\/div>\n\t<\/div>\n<\/div><div class=\"eltdf-eh-item    \"  data-item-class=\"eltdf-eh-custom-6596\" data-1400-1600=\"0px 120px 8px 0px\" data-1025-1399=\"0px 75px 8px 0px\" data-769-1024=\"0px 170px 70px 0px\" data-681-768=\"0px 0px 70px\" data-680=\"0px 0px 70px\">\n\t<div class=\"eltdf-eh-item-inner\">\n\t\t<div class=\"eltdf-eh-item-content eltdf-eh-custom-6596\" style=\"padding: 0px 170px 8px 0px\">\n\t\t\t<div class=\"eltdf-section-title-holder  \" >\n\t<div class=\"eltdf-st-inner\">\n\t\t\t\t\t<div class=\"eltdf-st-tagline\" >\n\t\t\t\til culto dei santi e delle reliquie\t\t\t<\/div>\n\t\t\t\t\t\t\t<h3 class=\"eltdf-st-title\" >\n\t\t\t\tS. Quirico e Giulitta\t\t\t<\/h3>\n\t\t\t\t\t\t\t\t\t<p class=\"eltdf-st-text\" >\n\t\t\t\tLa Parrocchia oltre al culto a San Quirico aggiunse nei secoli quello a S. Giulitta sua madre e poi quello ai Santi Valerio, Enea ed Onorio, che probabilmente furono martirizzati nel IV\u00b0 secolo. Il culto cristiano dei Santi propriamente detto ha inizio nel II\u00b0 secolo e viene reso innanzitutto a coloro che sono stati in modo particolare simili a Cristo, sia nella loro vita con la predicazione e diffusione della Parola di Dio, come i Profeti e gli Apostoli, sia nella loro morte con la professione della verit\u00e0 della fede come i Martiri, che hanno \u201cbevuto con Lui il calice\u201d. A poco a poco entr\u00f2 dentro la Chiesa la consuetudine di celebrare l\u2019anniversario della morte dei Martiri (dies natalis), giorno della nascita al cielo: i pagani celebravano il giorno della nascita dei loro defunti, i cristiani il giorno della loro morte. L\u2019invocazione dei Santi, per ottenerne la protezione, cominci\u00f2 verso la met\u00e0 del III secolo. La fede nella loro intercessione trov\u00f2 la sua espressione nelle iscrizioni tombali delle catacombe, nelle liturgie, negli atti dei Martiri e nelle Litanie dei Santi. Nel medioevo il loro culto e la loro invocazione ebbero un grande sviluppo. La polemica protestante rimprover\u00f2 per\u00f2 alla piet\u00e0 cattolica, l\u2019aver favorito la pi\u00f9 grossolana superstizione ed il feticismo pagano e forse ci\u00f2 fu anche a causa delle reliquie dei Santi stessi. Con il termine reliquia la Chiesa Cattolica ha sempre inteso i corpi dei medesimi, conservati interi od in parte. In senso lato vengono annoverati tra le reliquie anche gli oggetti di cui i Santi si sono serviti durante la loro vita e che sono stati in contatto fisico della loro persona, come i vestiti, i libri, le loro case e gli utensili. Talvolta si introdussero alcuni abusi e poich\u00e9 il devoto desiderio di possedere reliquie autentiche non poteva essere sempre soddisfatto, non deve stupire se fu fatto ricorso a falsificazioni.\t\t\t<\/p>\n\t\t\t\t\t<\/div>\n<\/div>\t\t<\/div>\n\t<\/div>\n<\/div><\/div>[\/vc_column][\/vc_row][vc_row row_content_width=&#8221;grid&#8221; parallax_bg_image_size=&#8221;&#8221; parallax_background_image=&#8221;2375&#8243; parallax_bg_speed=&#8221;2&#8243; css=&#8221;.vc_custom_1598004591902{background-position: center !important;background-repeat: no-repeat !important;background-size: cover !important;}&#8221;][vc_column offset=&#8221;vc_col-lg-offset-6 vc_col-lg-6&#8243; css=&#8221;.vc_custom_1568199281138{padding-top: 0px !important;}&#8221;]<div class=\"eltdf-elements-holder   eltdf-one-column  eltdf-responsive-mode-768 \" ><div class=\"eltdf-eh-item   eltdf-horizontal-alignment-right \"  data-item-class=\"eltdf-eh-custom-2762\" data-1400-1600=\"141px 0px 150px 0px\" data-1025-1399=\"141px 0px 150px 0px\" data-769-1024=\"141px 0px 150px 130px\" data-681-768=\"141px 0px 150px 0px\" data-680=\"115px 0px 118px 0px\">\n\t<div class=\"eltdf-eh-item-inner\">\n\t\t<div class=\"eltdf-eh-item-content eltdf-eh-custom-2762\" style=\"padding: 224px 20px 232px 90px\">\n\t\t\t<p class=\"eltdf-custom-font-holder  eltdf-cf-2848  \" style=\"font-family: Noto Serif;font-size: 13px;line-height: 15px;font-style: italic;text-align: right;color: #ffeadc\" data-item-class=\"eltdf-cf-2848\">\n\tLe parole del Mons. Celso Calzolai<\/p>[vc_empty_space height=&#8221;5px&#8221;]<p class=\"eltdf-custom-font-holder  eltdf-cf-8816  \" style=\"font-family: Noto Serif;font-size: 20px;line-height: 25px;font-style: italic;text-align: right;color: #ebf0f3\" data-item-class=\"eltdf-cf-8816\" data-font-size-680=\"21px\" data-line-height-680=\"24px\">\n\tEra stata stabilita la festa della Traslazione delle Reliquie l\u2019ultima domenica di Aprile.Col tempo la devozione dei capallesi ha intessuto delle celebrazioni che superano quella religiosa e che si riflettono anche nel linguaggio e nei costumi locali. Ai tre Martiri \u00e8 stata applicata una simbologia: il sole, il vento e l\u2019acqua: condizioni atmosferiche consuete al volgere del mese d\u2019Aprile. Nel giorno della Festa i tre Santi farebbero una disputa per determinare la prevalenza di uno di loro: perci\u00f2 un anno soffia il vento, poi la pioggia e cos\u00ec di seguito. Il paese si rivestiva di quel folklore che anima ogni Kermesse paesana: bancherelle di ogni genere, in particolare di dolciumi casalinghi. Tutti gli abitanti dei dintorni, anche remoti, si danno appuntamento a Capalle.<\/p>[vc_empty_space height=&#8221;5px&#8221;]\t\t<\/div>\n\t<\/div>\n<\/div><\/div>[\/vc_column][\/vc_row][vc_row][vc_column offset=&#8221;vc_hidden-lg vc_hidden-md vc_hidden-sm vc_hidden-xs&#8221;][vc_column_text]<a href=\"https:\/\/www.sacrocuorecapalle.it\/\" target=\"_blank\" rel=\"noopener noreferrer\">capalle<\/a> <a href=\"https:\/\/www.parrocchiadicapalle.it\/il-quirichino-recenti\/\" target=\"_blank\" rel=\"noopener noreferrer\">quirichino<\/a>[\/vc_column_text][\/vc_column][\/vc_row]<\/p>\n","protected":false},"excerpt":{"rendered":"<p>[vc_row row_content_width=&#8221;grid&#8221; css=&#8221;.vc_custom_1596878577469{padding-top: 132px !important;padding-bottom: 66px !important;}&#8221;][vc_column][\/vc_column][\/vc_row][vc_row row_content_width=&#8221;grid&#8221; css=&#8221;.vc_custom_1596878584097{padding-top: 66px !important;padding-bottom: 132px !important;}&#8221;][vc_column][\/vc_column][\/vc_row][vc_row row_content_width=&#8221;grid&#8221; parallax_bg_image_size=&#8221;&#8221; parallax_background_image=&#8221;2375&#8243; parallax_bg_speed=&#8221;2&#8243; css=&#8221;.vc_custom_1598004591902{background-position: center !important;background-repeat: no-repeat !important;background-size: cover !important;}&#8221;][vc_column offset=&#8221;vc_col-lg-offset-6 vc_col-lg-6&#8243; css=&#8221;.vc_custom_1568199281138{padding-top: 0px !important;}&#8221;][\/vc_column][\/vc_row][vc_row][vc_column offset=&#8221;vc_hidden-lg vc_hidden-md vc_hidden-sm vc_hidden-xs&#8221;][vc_column_text]capalle quirichino[\/vc_column_text][\/vc_column][\/vc_row]<\/p>\n","protected":false},"author":1,"featured_media":0,"parent":0,"menu_order":0,"comment_status":"closed","ping_status":"closed","template":"full-width.php","meta":[],"yoast_head":"<!-- This site is optimized with the Yoast SEO plugin v14.8.1 - https:\/\/yoast.com\/wordpress\/plugins\/seo\/ -->\n<title>Parrocchia di Capalle - Propositura dei Santi Quirico e Giulitta - La chiesa<\/title>\n<meta name=\"description\" content=\"La chiesa, attestata fin dal XIII secolo, ha subito nei secoli restauri e rifacimenti e si presenta come un edificio ad un&#039;unica navata coperta a capriate\" \/>\n<meta name=\"robots\" content=\"index, follow\" \/>\n<meta name=\"googlebot\" content=\"index, follow, max-snippet:-1, max-image-preview:large, max-video-preview:-1\" \/>\n<meta name=\"bingbot\" content=\"index, follow, max-snippet:-1, max-image-preview:large, max-video-preview:-1\" \/>\n<link rel=\"canonical\" href=\"https:\/\/www.parrocchiadicapalle.it\/index.php\/la-chiesa\/\" \/>\n<meta property=\"og:locale\" content=\"it_IT\" \/>\n<meta property=\"og:type\" content=\"article\" \/>\n<meta property=\"og:title\" content=\"Parrocchia di Capalle - Propositura dei Santi Quirico e Giulitta - La chiesa\" \/>\n<meta property=\"og:description\" content=\"La chiesa, attestata fin dal XIII secolo, ha subito nei secoli restauri e rifacimenti e si presenta come un edificio ad un&#039;unica navata coperta a capriate\" \/>\n<meta property=\"og:url\" content=\"https:\/\/www.parrocchiadicapalle.it\/index.php\/la-chiesa\/\" \/>\n<meta property=\"og:site_name\" content=\"Parrocchia di Capalle\" \/>\n<meta property=\"article:modified_time\" content=\"2020-09-01T15:39:36+00:00\" \/>\n<meta name=\"twitter:card\" content=\"summary_large_image\" \/>\n<script type=\"application\/ld+json\" class=\"yoast-schema-graph\">{\"@context\":\"https:\/\/schema.org\",\"@graph\":[{\"@type\":\"Organization\",\"@id\":\"https:\/\/www.parrocchiadicapalle.it\/#organization\",\"name\":\"Parrocchia di Capalle\",\"url\":\"https:\/\/www.parrocchiadicapalle.it\/\",\"sameAs\":[\"https:\/\/it.wikipedia.org\/wiki\/Chiesa_dei_Santi_Quirico_e_Giulitta_(Campi_Bisenzio)\"],\"logo\":{\"@type\":\"ImageObject\",\"@id\":\"https:\/\/www.parrocchiadicapalle.it\/#logo\",\"inLanguage\":\"it-IT\",\"url\":\"https:\/\/www.parrocchiadicapalle.it\/wp-content\/uploads\/2020\/08\/logo_int.png\",\"width\":154,\"height\":100,\"caption\":\"Parrocchia di Capalle\"},\"image\":{\"@id\":\"https:\/\/www.parrocchiadicapalle.it\/#logo\"}},{\"@type\":\"WebSite\",\"@id\":\"https:\/\/www.parrocchiadicapalle.it\/#website\",\"url\":\"https:\/\/www.parrocchiadicapalle.it\/\",\"name\":\"Parrocchia di Capalle\",\"description\":\"\",\"publisher\":{\"@id\":\"https:\/\/www.parrocchiadicapalle.it\/#organization\"},\"potentialAction\":[{\"@type\":\"SearchAction\",\"target\":\"https:\/\/www.parrocchiadicapalle.it\/?s={search_term_string}\",\"query-input\":\"required name=search_term_string\"}],\"inLanguage\":\"it-IT\"},{\"@type\":\"WebPage\",\"@id\":\"https:\/\/www.parrocchiadicapalle.it\/index.php\/la-chiesa\/#webpage\",\"url\":\"https:\/\/www.parrocchiadicapalle.it\/index.php\/la-chiesa\/\",\"name\":\"Parrocchia di Capalle - Propositura dei Santi Quirico e Giulitta - La chiesa\",\"isPartOf\":{\"@id\":\"https:\/\/www.parrocchiadicapalle.it\/#website\"},\"datePublished\":\"2020-08-08T09:09:51+00:00\",\"dateModified\":\"2020-09-01T15:39:36+00:00\",\"description\":\"La chiesa, attestata fin dal XIII secolo, ha subito nei secoli restauri e rifacimenti e si presenta come un edificio ad un'unica navata coperta a capriate\",\"inLanguage\":\"it-IT\",\"potentialAction\":[{\"@type\":\"ReadAction\",\"target\":[\"https:\/\/www.parrocchiadicapalle.it\/index.php\/la-chiesa\/\"]}]}]}<\/script>\n<!-- \/ Yoast SEO plugin. -->","_links":{"self":[{"href":"https:\/\/www.parrocchiadicapalle.it\/index.php\/wp-json\/wp\/v2\/pages\/2410"}],"collection":[{"href":"https:\/\/www.parrocchiadicapalle.it\/index.php\/wp-json\/wp\/v2\/pages"}],"about":[{"href":"https:\/\/www.parrocchiadicapalle.it\/index.php\/wp-json\/wp\/v2\/types\/page"}],"author":[{"embeddable":true,"href":"https:\/\/www.parrocchiadicapalle.it\/index.php\/wp-json\/wp\/v2\/users\/1"}],"replies":[{"embeddable":true,"href":"https:\/\/www.parrocchiadicapalle.it\/index.php\/wp-json\/wp\/v2\/comments?post=2410"}],"version-history":[{"count":9,"href":"https:\/\/www.parrocchiadicapalle.it\/index.php\/wp-json\/wp\/v2\/pages\/2410\/revisions"}],"predecessor-version":[{"id":2851,"href":"https:\/\/www.parrocchiadicapalle.it\/index.php\/wp-json\/wp\/v2\/pages\/2410\/revisions\/2851"}],"wp:attachment":[{"href":"https:\/\/www.parrocchiadicapalle.it\/index.php\/wp-json\/wp\/v2\/media?parent=2410"}],"curies":[{"name":"wp","href":"https:\/\/api.w.org\/{rel}","templated":true}]}}

<p>[vc_row row_content_width=&#8221;grid&#8221; css=&#8221;.vc_custom_1596878577469{padding-top: 132px !important;padding-bottom: 66px !important;}&#8221;][vc_column]<div class="eltdf-elements-holder   eltdf-two-columns  eltdf-responsive-mode-1024 " ><div class="eltdf-eh-item    "  data-item-class="eltdf-eh-custom-9395" data-1400-1600="0px 120px 8px 0px" data-1025-1399="0px 75px 8px 0px" data-769-1024="0px 170px 70px 0px" data-681-768="0px 0px 70px" data-680="0px 0px 70px">
	<div class="eltdf-eh-item-inner">
		<div class="eltdf-eh-item-content eltdf-eh-custom-9395" style="padding: 0px 170px 8px 0px">
			<div class="eltdf-section-title-holder  " >
	<div class="eltdf-st-inner">
							<h3 class="eltdf-st-title" >
				La Chiesa			</h3>
									<p class="eltdf-st-text" >
				All'interno della chiesa sono presenti numerose testimonianze artistiche come un Crocifisso della fine del '400 e inizio del '500 con i Dolenti opera di Michele Arcangelo Palloni. Nel primo altare a sinistra troviamo ``Sant'Andrea Corsini che distribuisce il pane ai poveri`` di Francesco Curradi, nel secondo altare ``La Madonna del Rosario con Santi`` di Giovanni Nigetti e a seguire l'``Annunciazione`` di Bernardino Monaldi. La chiesa conserva anche numerose reliquie di santi: Enea, Onorio e Valerio.			</p>
					</div>
</div>		</div>
	</div>
</div><div class="eltdf-eh-item    "  data-item-class="eltdf-eh-custom-1412" data-769-1024="0px 0px 8px" data-681-768="0px 0px 8px" data-680="0px 0px 8px">
	<div class="eltdf-eh-item-inner">
		<div class="eltdf-eh-item-content eltdf-eh-custom-1412" style="padding: 8px 0px">
			[vc_single_image image=&#8221;2374&#8243; img_size=&#8221;full&#8221;]		</div>
	</div>
</div></div>[/vc_column][/vc_row][vc_row row_content_width=&#8221;grid&#8221; css=&#8221;.vc_custom_1596878584097{padding-top: 66px !important;padding-bottom: 132px !important;}&#8221;][vc_column]<div class="eltdf-elements-holder   eltdf-two-columns  eltdf-responsive-mode-1024 " ><div class="eltdf-eh-item    "  data-item-class="eltdf-eh-custom-6677" data-769-1024="0px 0px 8px" data-681-768="0px 0px 8px" data-680="0px 0px 8px">
	<div class="eltdf-eh-item-inner">
		<div class="eltdf-eh-item-content eltdf-eh-custom-6677" style="padding: 8px 0px">
			[vc_single_image image=&#8221;2390&#8243; img_size=&#8221;full&#8221; alignment=&#8221;center&#8221;]		</div>
	</div>
</div><div class="eltdf-eh-item    "  data-item-class="eltdf-eh-custom-6596" data-1400-1600="0px 120px 8px 0px" data-1025-1399="0px 75px 8px 0px" data-769-1024="0px 170px 70px 0px" data-681-768="0px 0px 70px" data-680="0px 0px 70px">
	<div class="eltdf-eh-item-inner">
		<div class="eltdf-eh-item-content eltdf-eh-custom-6596" style="padding: 0px 170px 8px 0px">
			<div class="eltdf-section-title-holder  " >
	<div class="eltdf-st-inner">
					<div class="eltdf-st-tagline" >
				il culto dei santi e delle reliquie			</div>
							<h3 class="eltdf-st-title" >
				S. Quirico e Giulitta			</h3>
									<p class="eltdf-st-text" >
				La Parrocchia oltre al culto a San Quirico aggiunse nei secoli quello a S. Giulitta sua madre e poi quello ai Santi Valerio, Enea ed Onorio, che probabilmente furono martirizzati nel IV° secolo. Il culto cristiano dei Santi propriamente detto ha inizio nel II° secolo e viene reso innanzitutto a coloro che sono stati in modo particolare simili a Cristo, sia nella loro vita con la predicazione e diffusione della Parola di Dio, come i Profeti e gli Apostoli, sia nella loro morte con la professione della verità della fede come i Martiri, che hanno “bevuto con Lui il calice”. A poco a poco entrò dentro la Chiesa la consuetudine di celebrare l’anniversario della morte dei Martiri (dies natalis), giorno della nascita al cielo: i pagani celebravano il giorno della nascita dei loro defunti, i cristiani il giorno della loro morte. L’invocazione dei Santi, per ottenerne la protezione, cominciò verso la metà del III secolo. La fede nella loro intercessione trovò la sua espressione nelle iscrizioni tombali delle catacombe, nelle liturgie, negli atti dei Martiri e nelle Litanie dei Santi. Nel medioevo il loro culto e la loro invocazione ebbero un grande sviluppo. La polemica protestante rimproverò però alla pietà cattolica, l’aver favorito la più grossolana superstizione ed il feticismo pagano e forse ciò fu anche a causa delle reliquie dei Santi stessi. Con il termine reliquia la Chiesa Cattolica ha sempre inteso i corpi dei medesimi, conservati interi od in parte. In senso lato vengono annoverati tra le reliquie anche gli oggetti di cui i Santi si sono serviti durante la loro vita e che sono stati in contatto fisico della loro persona, come i vestiti, i libri, le loro case e gli utensili. Talvolta si introdussero alcuni abusi e poiché il devoto desiderio di possedere reliquie autentiche non poteva essere sempre soddisfatto, non deve stupire se fu fatto ricorso a falsificazioni.			</p>
					</div>
</div>		</div>
	</div>
</div></div>[/vc_column][/vc_row][vc_row row_content_width=&#8221;grid&#8221; parallax_bg_image_size=&#8221;&#8221; parallax_background_image=&#8221;2375&#8243; parallax_bg_speed=&#8221;2&#8243; css=&#8221;.vc_custom_1598004591902{background-position: center !important;background-repeat: no-repeat !important;background-size: cover !important;}&#8221;][vc_column offset=&#8221;vc_col-lg-offset-6 vc_col-lg-6&#8243; css=&#8221;.vc_custom_1568199281138{padding-top: 0px !important;}&#8221;]<div class="eltdf-elements-holder   eltdf-one-column  eltdf-responsive-mode-768 " ><div class="eltdf-eh-item   eltdf-horizontal-alignment-right "  data-item-class="eltdf-eh-custom-2762" data-1400-1600="141px 0px 150px 0px" data-1025-1399="141px 0px 150px 0px" data-769-1024="141px 0px 150px 130px" data-681-768="141px 0px 150px 0px" data-680="115px 0px 118px 0px">
	<div class="eltdf-eh-item-inner">
		<div class="eltdf-eh-item-content eltdf-eh-custom-2762" style="padding: 224px 20px 232px 90px">
			<p class="eltdf-custom-font-holder  eltdf-cf-2848  " style="font-family: Noto Serif;font-size: 13px;line-height: 15px;font-style: italic;text-align: right;color: #ffeadc" data-item-class="eltdf-cf-2848">
	Le parole del Mons. Celso Calzolai</p>[vc_empty_space height=&#8221;5px&#8221;]<p class="eltdf-custom-font-holder  eltdf-cf-8816  " style="font-family: Noto Serif;font-size: 20px;line-height: 25px;font-style: italic;text-align: right;color: #ebf0f3" data-item-class="eltdf-cf-8816" data-font-size-680="21px" data-line-height-680="24px">
	Era stata stabilita la festa della Traslazione delle Reliquie l’ultima domenica di Aprile.Col tempo la devozione dei capallesi ha intessuto delle celebrazioni che superano quella religiosa e che si riflettono anche nel linguaggio e nei costumi locali. Ai tre Martiri è stata applicata una simbologia: il sole, il vento e l’acqua: condizioni atmosferiche consuete al volgere del mese d’Aprile. Nel giorno della Festa i tre Santi farebbero una disputa per determinare la prevalenza di uno di loro: perciò un anno soffia il vento, poi la pioggia e così di seguito. Il paese si rivestiva di quel folklore che anima ogni Kermesse paesana: bancherelle di ogni genere, in particolare di dolciumi casalinghi. Tutti gli abitanti dei dintorni, anche remoti, si danno appuntamento a Capalle.</p>[vc_empty_space height=&#8221;5px&#8221;]		</div>
	</div>
</div></div>[/vc_column][/vc_row][vc_row][vc_column offset=&#8221;vc_hidden-lg vc_hidden-md vc_hidden-sm vc_hidden-xs&#8221;][vc_column_text]<a href="https://www.sacrocuorecapalle.it/" target="_blank" rel="noopener noreferrer">capalle</a> <a href="https://www.parrocchiadicapalle.it/il-quirichino-recenti/" target="_blank" rel="noopener noreferrer">quirichino</a>[/vc_column_text][/vc_column][/vc_row]</p>
